n divisor of 1541 and x?
67
Let s = -2088 - -2133. Let i(g) = 404*g**3 + g**2 + 2*g - 2. Let a be i(1). Calculate the greatest common factor of s and a.
45
Suppose 5*y - 4*n = -n + 1041, 0 = y + 3*n - 201. Let s = 52 + -43. Calculate the highest common divisor of y and s.
9
Suppose 557 + 459 + 1072 = 3*x. What is the greatest common divisor of 192 and x?
24
Let v = -111 - -105. Let n be 106 + v/(8 + -2). Calculate the greatest common divisor of 21 and n.
21
Suppose -5*r = -35 - 15. Let v be (196 - 6) + r - 0/1. Let i be 24 + 9/(-3) + 4. What is the highest common factor of v and i?
25
Suppose -16050 = -101*z - 15860 + 39806. Calculate the highest common divisor of z and 1881.
99
Let l = -690 - -705. Calculate the greatest common factor of l and 285.
15
Suppose 0 = -t + 146 - 73. Suppose 4*u - 47 = t. Calculate the highest common divisor of 60 and u.
30
Let h(o) = -136*o + 2. Let c be h(-4). Let p = c + -210. Calculate the highest common divisor of p and 28.
28
Suppose -5*k = 3*t - 82, 87 = 5*k - 4*t + 33. Calculate the greatest common divisor of 19187 and k.
7
Suppose -362*x + 323*x = -5265. Calculate the highest common factor of x and 765.
45
Let s(g) = -585*g - 4976. Let q be s(-13). Calculate the greatest common factor of q and 44.
11
Let g be ((-630)/180)/(7/(-4)). Calculate the highest common factor of g and 695.
1
Let z = -29 + 71. Let l = 338 - 391. Let m = 67 + l. What is the highest common divisor of m and z?
14
Suppose -25*h = -26*h - 4, -3*c + 107 = -5*h. Suppose -5355 - 1170 = -5*d. Suppose 8*n - d = 3*n. What is the greatest common factor of c and n?
29
Let g = 17760 - 16613. Calculate the greatest common factor of g and 2886.
37
Let d = -45888 - -46233. What is the highest common factor of d and 3588?
69
Suppose 717 = 3*h + r, 0 = 3*h - 0*h + 2*r - 720. Let t(l) = l**3 - 15*l + 43. Let p be t(7). Let m = -247 + p. What is the greatest common divisor of m and h?
34
Suppose 6*d = d + t + 44, 16 = 3*d + 2*t. Suppose d*z - 2*z = 96. What is the highest common divisor of 72 and z?
8
Let t = -18151 + 42230. Calculate the greatest common divisor of 199 and t.
199
Let o(h) = 4*h - 29. Let b be o(9). Let i be (7 - (-100)/(-24))/((-2)/(-84)). Calculate the highest common factor of b and i.
7
Let q(i) = -953*i - 883. Let a be q(-4). What is the greatest common divisor of a and 29?
29
Let c = -99 + 314. Suppose 3*i - 4*z - 157 = -0*z, -3*i + 150 = -3*z. What is the greatest common divisor of c and i?
43
Let b(l) = -7*l - 1. Let u be b(2). Let y be (4 + -1)*(-2)/3 - 397. Let i be 8/20 + y/u. Calculate the greatest common divisor of i and 27.
27
Suppose -34355*k = -34338*k - 278766. What is the greatest common factor of k and 18?
18
Let j(i) = i**2 - 22*i + 30. Let w(o) = 3. Let z(k) = -j(k) - 6*w(k). Let g be z(18). Calculate the greatest common divisor of 48 and g.
24
Let j(r) = 7*r**2 - 2*r + 324. Let p be j(-10). What is the greatest common factor of 928 and p?
116
Let x = 6 - 1. Suppose 3*a - 59 = -x. Suppose -5*t + 146 = 56. Calculate the highest common factor of t and a.
18
Let s = 18585 + -18543. Calculate the greatest common factor of 17332 and s.
14
Let n = 2446 + -2368. Let r = -7 - -19. Calculate the highest common factor of n and r.
6
Suppose -20*s = -9*s - 55. Suppose -s*a + 10*a = u - 189, 0 = -5*u - 2*a + 837. What is the highest common divisor of u and 65?
13
Suppose 3*h = 3*m - 111, -41*h = 3*m - 45*h - 116. Suppose 0 = -1773*n + 1771*n + m. What is the greatest common divisor of n and 208?
16
Suppose -5*b + 70035 = 18*b. What is the highest common factor of 210 and b?
105
Let i be (1743/84)/((-15)/(-172)) + (-9)/(-135). What is the greatest common factor of 1462 and i?
34
Suppose 5*t = 6*t - 1. Suppose 2*k - t = k - 4*y, 0 = 4*k - y - 55. Let w = 3231 - 3062. Calculate the greatest common factor of w and k.
13
Suppose 19 + 6 = -5*y, -5*u + 4*y = -175. Calculate the highest common divisor of u and 11129.
31
Let s be 80/(13 - 3) + 10 + -5. Suppose -272 = -x - 5*j, -3*x = x + 3*j - 1003. Calculate the highest common divisor of s and x.
13
Suppose 4*j + 12 = h, 0 = 4*h + 2*j - 3*j - 3. Suppose h = -6*q + 12*q - 54. What is the highest common factor of q and 24?
3
Suppose 3*z = 34*i - 37*i + 7302, -5*i = -5*z + 12190. Calculate the highest common divisor of 252 and z.
84
Suppose 3*d + 177 = 5*u - d, -2*d + 126 = 4*u. Suppose -2*m + 153 = -a, 4*a - m + 621 = 4*m. Let w = a - -170. Calculate the highest common divisor of u and w.
11
Let j = 967 - 964. Let c(i) = -8 - 5 + 4*i + 6 - 6. Let d be c(10). What is the highest common factor of d and j?
3
Suppose -l = 2*o - 57, -20 = o + 4*o. Let h(w) = w**3 + 107*w**2 + 107*w + 116. Let a be h(-106). What is the highest common factor of a and l?
5
Suppose 3*a - 4*q - 22 = 0, -a + 2*q + 3*q = -11. Let r(p) = 5*p - 5 - 1 - 16 - 3. Let z be r(a). Calculate the greatest common factor of z and 5.
5
Suppose w + 2*g = 412, 3*w + 26*g - 28*g - 1292 = 0. Calculate the greatest common divisor of 1207 and w.
71
Let f be 19 + -6 + 2 + 2. Let c(a) = a**3 - 19*a**2 + 36*a - 20. Let g be c(f). Let h = -48 + 104. What is the highest common factor of g and h?
14
Let y be ((-60)/14)/(87/(-1827)) - (7 + 2). What is the highest common divisor of y and 5949?
9
Let t(v) = v**3 + 16*v**2 + 8*v - 22. Let j be t(5). Let y = 750 - j. What is the highest common factor of 46 and y?
23
Let f = 1539 + -1535. What is the greatest common divisor of f and 664?
4
Let o = 6 + 39. Let t be 6/(-4)*3/(o/(-230)). Let q be 0/(-1) - (-230)/2. Calculate the greatest common factor of t and q.
23
Let l be (-312)/858 - (-23632)/11. What is the highest common factor of l and 60?
12
Suppose -248 = -5*i + 4*i. Let w be ((5248/(-96))/82)/(2/(-12)). What is the greatest common factor of w and i?
4
Let h(j) = j**2 + 2*j - 5. Let q be h(-5). Suppose q + 4 = 2*r. Let t be -5*1*1 + ((-6080)/(-40))/8. Calculate the greatest common divisor of r and t.
7
Suppose -3*p + 100 = -2*o, 2 + 23 = -5*o. Let q be 1356/p + 20/25. Calculate the greatest common factor of 506 and q.
46
Let m be (12/(-8))/(3 + (-513)/172). Let s = 87 + m. Let v be 44 - (s - 5 - (-3 - 0)). Calculate the greatest common factor of v and 30.
15
Suppose l = 21 - 18. Suppose 0 = -5*a - 34 + 9, l*z - 2*a = 28. Suppose z*s - 24 = 5*s. What is the greatest common divisor of 12 and s?
12
Suppose 4*o - 2*z - 9546 = 0, 0 = -o + 5*o - 3*z - 9551. What is the greatest common divisor of o and 447?
149
Let t = -9870 + 10536. Calculate the greatest common divisor of t and 1258.
74
Let t be (-35)/15 - -3 - 85/(-3). Suppose -137 = -3*n - t. Let r(b) = b**2 - 12*b + 12. Let l be r(12). Calculate the greatest common factor of n and l.
12
Let l = 0 + 5. Suppose -l*d = a + 16, -3*a + 0*a = 2*d - 17. What is the highest common factor of 117 and a?
9
Let x = -33 - -34. Let c = 5 - x. Let z(r) = r - 5. Let u be z(7). What is the highest common divisor of c and u?
2
Suppose -9 = -3*m + 3. Let t be 1/(15*(-7)/(-210))*62. What is the greatest common divisor of t and m?
4
Let p(h) = -2*h**3 - 95*h**2 - 210*h - 213. Let u be p(-47). What is the greatest common factor of u and 152?
152
Let m = -6759 + 7159. Let b(j) = 3*j - 4. Let a be b(4). Calculate the greatest common factor of a and m.
8
Suppose 3*p + 5*m + 3 = 4*m, 2*m = 3*p - 6. Suppose 3*r + 0*y - 5*y = 325, p = -5*y - 25. Calculate the greatest common divisor of 12 and r.
4
Let j be 9807/27 + 110/(-495). Calculate the highest common divisor of 484 and j.
121
Let s be 4/16 - (-4 + -3782*(-7)/(-56)). Calculate the greatest common divisor of s and 424.
53
Suppose 0 = 5*c - 8*j + 10*j, -5*j = -4*c + 33. Suppose 2*z = 6*z + c*p - 352, -4*z = -2*p - 352. Calculate the highest common factor of 154 and z.
22
Let o(y) = -y + 52. Suppose -3*q - 56 + 23 = 0. Let g be o(q). What is the greatest common divisor of g and 7?
7
Let y be 61/(-15)*-3 - 6/30. Suppose -3*q - y*q = 60. Let s be q/(-10) - (-1332)/45. What is the highest common factor of 60 and s?
30
Let q(w) be the first derivative of -3*w**2/2 + 50*w - 42. Let z be q(5). Calculate the greatest common divisor of 140 and z.
35
Let y be ((80/10)/8)/((-22)/(-1694)). Calculate the greatest common divisor of y and 3949.
11
Suppose 7*x = 7*x + 6*x - 5478. What is the greatest common divisor of x and 22?
11